 when 3437675 is divided by 218?
33
What is the remainder when 356675 is divided by 57?
26
Calculate the remainder when 49941 is divided by 450.
441
What is the remainder when 1244911 is divided by 15367?
184
Calculate the remainder when 22316343 is divided by 22316341.
2
Calculate the remainder when 103650198 is divided by 67.
59
What is the remainder when 422669 is divided by 5723?
4890
Calculate the remainder when 1286406 is divided by 1306.
1302
What is the remainder when 20001664 is divided by 43?
42
Calculate the remainder when 1161709 is divided by 747.
124
What is the remainder when 125357 is divided by 232?
77
Calculate the remainder when 6440785 is divided by 29681.
8
Calculate the remainder when 45804500 is divided by 45804495.
5
What is the remainder when 1639187 is divided by 327837?
2
What is the remainder when 6477400 is divided by 71?
70
What is the remainder when 3933432 is divided by 655568?
24
What is the remainder when 55918600 is divided by 31917?
16
What is the remainder when 297180 is divided by 864?
828
Calculate the remainder when 1780733 is divided by 170.
153
What is the remainder when 10194767 is divided by 398?
395
Calculate the remainder when 3546290 is divided by 61142.
54
Calculate the remainder when 168841 is divided by 84210.
421
What is the remainder when 65566136 is divided by 874215?
11
What is the remainder when 653545 is divided by 729?
361
Calculate the remainder when 11093995 is divided by 1298.
1287
What is the remainder when 273718004 is divided by 1115?
1114
What is the remainder when 7636315 is divided by 4540?
35
Calculate the remainder when 409801 is divided by 409666.
135
What is the remainder when 2023031 is divided by 505657?
403
What is the remainder when 70354 is divided by 14?
4
What is the remainder when 84597 is divided by 16857?
312
Calculate the remainder when 1991717 is divided by 147.
14
Calculate the remainder when 3782 is divided by 537.
23
Calculate the remainder when 8017638 is divided by 1603523.
23
What is the remainder when 452396 is divided by 344?
36
Calculate the remainder when 5551216 is divided by 2775600.
16
Calculate the remainder when 157323 is divided by 155022.
2301
What is the remainder when 827562 is divided by 127?
30
Calculate the remainder when 4961792 is divided by 9904.
9792
What is the remainder when 5055226 is divided by 16413?
22
Calculate the remainder when 1687724 is divided by 843861.
2
Calculate the remainder when 1119246 is divided by 282.
270
Calculate the remainder when 132174 is divided by 2884.
2394
Calculate the remainder when 44265 is divided by 10025.
4165
What is the remainder when 318734 is divided by 79660?
94
What is the remainder when 779052 is divided by 250?
52
Calculate the remainder when 2940299 is divided by 852.
47
Calculate the remainder when 688055 is divided by 1.
0
Calculate the remainder when 1412972 is divided by 160.
12
What is the remainder when 32458087 is divided by 1354?
1353
What is the remainder when 6220650 is divided by 48?
42
Calculate the remainder when 2984706 is divided by 61.
37
Calculate the remainder when 600187 is divided by 599958.
229
Calculate the remainder when 719900 is divided by 486.
134
What is the remainder when 5027039 is divided by 1892?
1887
What is the remainder when 3049900 is divided by 6869?
64
Calculate the remainder when 102361 is divided by 1344.
217
Calculate the remainder when 1508767 is divided by 32.
31
What is the remainder when 3829620 is divided by 4980?
0
What is the remainder when 9587119 is divided by 9587101?
18
Calculate the remainder when 102752663 is divided by 74.
37
Calculate the remainder when 1922067 is divided by 4074.
3213
What is the remainder when 90757 is divided by 2600?
2357
Calculate the remainder when 4760214 is divided by 17123.
20
What is the remainder when 57659 is divided by 284?
7
Calculate the remainder when 3399117 is divided by 12.
9
What is the remainder when 596867 is divided by 182?
89
Calculate the remainder when 250929446 is divided by 5572.
5570
Calculate the remainder when 95081 is divided by 18996.
101
Calculate the remainder when 14685803 is divided by 167.
157
What is the remainder when 1860581 is divided by 6815?
86
Calculate the remainder when 3219 is divided by 503.
201
What is the remainder when 12767733 is divided by 303993?
27
Calculate the remainder when 1310608 is divided by 1310460.
148
Calculate the remainder when 176374211 is divided by 79.
75
Calculate the remainder when 2467959 is divided by 384.
375
Calculate the remainder when 107034330 is divided by 1028.
1026
Calculate the remainder when 8779498 is divided by 635.
623
Calculate the remainder when 4416239 is divided by 32.
15
What is the remainder when 103256 is divided by 51592?
72
Calculate the remainder when 4345979 is divided by 446.
155
Calculate the remainder when 9341819 is divided by 10787.
277
Calculate the remainder when 63294 is divided by 16.
14
What is the remainder when 3618 is divided by 753?
606
What is the remainder when 419004 is divided by 567?
558
Calculate the remainder when 1715993 is divided by 3509.
92
Calculate the remainder when 3231681 is divided by 26488.
145
What is the remainder when 4210151 is divided by 10473?
5
Calculate the remainder when 10466776 is divided by 734.
670
Calculate the remainder when 31996230 is divided by 652984.
14
What is the remainder when 195156 is divided by 17720?
236
Calculate the remainder when 263042 is divided by 9.
8
What is the remainder when 78106394 is divided by 3004092?
2
What is the remainder when 1079251 is divided by 41507?
69
What is the remainder when 53470 is divided by 13251?
466
What is the remainder when 3363711 is divided by 336370?
11
What is the remainder when 19031090 is divided by 673?
669
Calculate the remainder when 22209671 is divided by 2509.
3
What is the remainder when 389545 is divided by 11?
2
What is the remainder when 2487865 is divided by 1095?
25
What is the remainder when 588044 is divided by 2021?
1954
Calculate the remainder when 11654931 is divided by 216.
3
Calculate the remainder when 1221641 is divided by 1221634.
7
Calculate the remainder when 189686 is divided by 7882.
518
What is the remainder when 6284867 is divided by 179?
177
Calculate the remainder when 724956120 is divided by 17.
11
What is the remainder when 3209439 is divided by 2080?
2079
Calculate the remainder when 161988 is divided by 32314.
418
What is the remainder when 635260 is divided by 325?
210
Calculate the remainder when 68476 is divided by 68405.
71
Calculate the remainder when 11253064 is divided by 5626504.
56
Calculate the remainder when 3648602 is divided by 912150.
2
Calculate the remainder when 579703 is divided by 123.
4
Calculate the remainder when 67582 is divided by 452.
234
Calculate the remainder when 121600013 is divided by 34.
33
Calculate the remainder when 248231 is divided by 5563.
3459
What is the remainder when 31447708 is divided by 100?
8
What is the remainder when 4982951 is divided by 49?
43
Calculate the remainder when 273556 is divided by 219.
25
What is the remainder when 4278984 is divided by 149?
2
What is the remainder when 26502000 is divided by 103?
100
Calculate the remainder when 43533946 is divided by 25.
21
What is the remainder when 10961788 is divided by 21?
19
Calculate the remainder when 60993 is divided by 4602.
1167
Calculate the remainder when 2318652 is divided by 91.
63
What is the remainder when 134144 is divided by 1958?
1000
What is the remainder when 25841 is divided by 5879?
2325
What is the remainder when 70385234 is divided by 903?
899
What is the remainder when 7116014 is divided by 151?
139
Calculate the remainder when 160189 is divided by 974.
453
What is the remainder when 4132687 is divided by 413266?
27
Calculate the remainder when 1934170 is divided by 74391.
4
Calculate the remainder when 230875 is divided by 115253.
369
Calculate the remainder when 2210499 is divided by 32036.
15
What is the remainder when 17551353 is divided by 8775672?
9
Calculate the remainder when 176800077 is divided by 13.
12
Calculate the remainder when 925396 is divided by 969.
1
Calculate the remainder when 3726656 is divided by 1863327.
2
Calculate the remainder when 34649 i